be (z - -16*8)*1. Let j = r + -73. What is the tens digit of j?
5
Let q(m) = -m**3 + 4*m**2 - 4*m + 4. Let x be q(3). Suppose d = x + 3. Suppose 0 = d*v + l - 0*l - 129, v - 2*l = 21. What is the tens digit of v?
3
Suppose 196 = 4*b + 17*m - 14*m, 5*b + 3*m - 248 = 0. What is the tens digit of b?
5
Suppose 0*x = 4*x - 16. Let i(d) = -d**3 - 7*d**2 - 3*d - 21. Let r be i(-7). Suppose r*b + x*b = 5*k - 169, 0 = -5*k - 2*b + 193. What is the units digit of k?
7
Let r = -50 - -19. Let v = r - -92. What is the units digit of v?
1
Let u = 1550 - 1279. What is the hundreds digit of u?
2
Suppose -45 = 4*x + 3*a - 4, 5*a - 1 = 2*x. Let m(p) = p**3 + 8*p**2 - 8*p - 5. What is the units digit of m(x)?
9
Let u(p) = 89*p**2 - 3*p + 3. What is the hundreds digit of u(2)?
3
Suppose -8 = -36*r + 32*r. Suppose 2*f = -f + 24. Suppose -u + 2*u - f = 2*a, -a = r. What is the units digit of u?
4
Let n = 1212 - -23. What is the hundreds digit of n?
2
Suppose -2*y + 1382 - 20 = 0. What is the tens digit of y?
8
Suppose 5*j = x + 22, 5*j = -3*x + 48 - 14. Suppose -94 = -2*f - x*o, 4*o = 2*f - 6*f + 180. What is the tens digit of f?
4
Suppose 3*b = 559 + 176. What is the hundreds digit of b?
2
Let f(d) = d**3 + 7*d**2 + 5*d + 2. Let q = 8 + -11. Let t be 4/(4/(-9)) - q. What is the units digit of f(t)?
8
Let b(o) = -46*o + 122. What is the tens digit of b(-5)?
5
Let v = 1192 - 648. What is the tens digit of v?
4
Suppose 4*x + 0*r - 10 = 2*r, r - 5 = 0. Suppose -3*p = x*z - 232 + 29, 2*p = -2*z + 78. What is the units digit of z?
3
Let u(d) = -3*d**2 - 3*d - 1. Let w be u(-2). What is the tens digit of 988/28 + 1/(w/2)?
3
Suppose 5*b - 2*b - 3 = 0. Let z be 0/(0 - -1)*b. Suppose -l - l + 90 = z. What is the units digit of l?
5
Let s(a) be the first derivative of -a**2/2 + 3. Let o be s(-4). Suppose 100 = 4*z - 4*u, o*u + 29 = z + 7. What is the tens digit of z?
2
Suppose 5*t - 2*t = 0. Suppose -4*u + o + 56 + 57 = t, -4*u - 2*o + 122 = 0. What is the units digit of u?
9
What is the tens digit of 153 - (3/(-2) + (-15)/(-10))?
5
Suppose -16*c + 457 = -1463. What is the hundreds digit of 26445/c + 6/(-16)?
2
Suppose 3*n + 1 = 7. Suppose -n*z + 4*z + l = -8, 0 = 3*z - 4*l + 1. Let b(r) = -r**3 + r**2 + 4*r - 1. What is the tens digit of b(z)?
2
What is the tens digit of (-4)/(-14) - 4/(-14)*2540?
2
Let h = -2 + 6. Let b(f) = f**3 + 27*f**2 - 28*f + 5. Let o be b(-28). Suppose 0 = 3*s - 5*w - 44, -h = s + s + o*w. What is the units digit of s?
8
Let d(h) = h**3 - 13*h**2 - 28*h - 19. Let b be d(15). Let q = 13 + 26. Let u = q - b. What is the units digit of u?
8
Suppose 9*k - 4*d - 2491 = 6*k, d = -5*k + 4167. What is the tens digit of k?
3
Let m(h) be the second derivative of -h**4/12 - h**3/6 + 3*h**2/2 - 2*h. Let k be m(0). What is the units digit of 52/12 - k/9?
4
Let q = -8 - -13. Suppose 399 = q*w - 4*l, 0 = 5*w - 3*l - 2 - 396. What is the units digit of w?
9
Let l = -6 - -8. Suppose -l*g - f + 1005 = g, -4*g + 3*f = -1340. Suppose 7*w = 2*w + g. What is the units digit of w?
7
Let w = -82 - -154. Let k be 0 - -2 - 1/(-1). Suppose l + k*l - w = 0. What is the tens digit of l?
1
Let d(c) = c. Let l be d(2). Suppose 5*u - 60 = l*u. What is the tens digit of u?
2
Let f(x) = 3*x**3 - 3*x**2 - 4*x - 12. Let z be -3 + 6 - (0 - 2). What is the units digit of f(z)?
8
Let i be (-1)/(-2) + (-390)/(-12). Let z = 38 - i. Suppose 2*v + z = 5*j + 117, 3*j = -v + 78. What is the units digit of v?
6
Let g(a) = -2*a + 8. Let q = 5 - -1. Let r(i) = -i + 1. Let b(f) = q*r(f) - g(f). What is the tens digit of b(-4)?
1
Let k be (-21)/(-3)*(1 - 0). Let o(d) = -2 - 1 - 1 - k - 2*d. What is the tens digit of o(-11)?
1
Let s(p) = 6*p - 4 + 5 + 7*p + 4. What is the units digit of s(7)?
6
Suppose -3*v - 2*x = -344, -v + 9*x = 4*x - 126. Suppose 2*y - 58 = 4*h, 2*y = -2*y + 4*h + v. What is the tens digit of y?
2
Suppose -2*i + 3*y = -2565, -2*y + 3930 = 4*i - 1176. What is the thousands digit of i?
1
Let b(f) = -1. Let l(s) = -s + 18. Let y(n) = 2*b(n) + l(n). Let a be y(8). Suppose -a = 4*m - 76. What is the tens digit of m?
1
Let w be 12/(3 + 13/(-5)). Suppose -w = -c - 3*t, -2*t - 16 + 1 = -c. Suppose -5*g + c = -2*g. What is the units digit of g?
7
Let a = -11 + 28. Suppose 5*s = 5*u - 45, 0*s - 2*s - a = -u. What is the tens digit of (-25)/(-2) - 4/s?
1
Let d(b) = -4*b**3 + 3*b**2 - b + 6. What is the hundreds digit of d(-4)?
3
Let t(l) = -l**2 - 5*l + 16. Let r(g) = -g + 8. Let w be r(5). Suppose -2*s - w*s = 35. What is the units digit of t(s)?
2
Let r(i) = -i + 1. Let j be r(1). Suppose j = 5*m - 4*o - 189, -4*m - o = -6*o - 153. What is the tens digit of m?
3
Let b(s) = 10*s**2 - 31*s + 26. What is the tens digit of b(13)?
1
Let z be ((-3)/(-6))/(6/372). Suppose 0 = -7*g + z + 46. What is the tens digit of g?
1
Suppose -135 - 575 = -2*v. What is the hundreds digit of v?
3
Let r be (-48)/(-9)*225/20. Suppose 2*v = r + 16. What is the units digit of v?
8
Suppose -20 = -3*p - p. Suppose -p*v - 3 = 7, -4*l = 4*v - 344. What is the tens digit of l?
8
Let w = 11 - 6. Suppose k = -w*k + 78. Let m = -8 + k. What is the units digit of m?
5
Let v be ((-24)/(-21))/(4/14). Suppose -v*c + 4*a + a = -402, 5*a - 422 = -4*c. What is the tens digit of c?
0
Suppose 2*y + 4*y - 1938 = 0. What is the hundreds digit of y?
3
Let s(m) = 7*m**2 - m - 3. Suppose -21 = 2*y - 5*h, -5*y - 2*h - h + 25 = 0. Let u be s(y). Suppose 4*v - u = 33. What is the units digit of v?
4
Let v(r) = r**2 - 5*r - 2. Let g be v(5). Let o be (-6)/(-4) + (-161)/g. Let u = o + -58. What is the tens digit of u?
2
Suppose -2*k = 5*s, k + 10 = -5*s - 3*k. Suppose -2*x - g + 10 = g, -s*g + 12 = 4*x. What is the units digit of x?
1
Suppose -5*b = 4*m - 3, 4*m - b - 7 = m. Let a be (-1 - 13*-2)/(1 - 0). Suppose m*s - 7*s + a = 0. What is the units digit of s?
5
Suppose 2*q - 10 = -0*y - y, 0 = 2*y - 5*q + 7. Suppose 3*u + y = 1. What is the tens digit of 39/(u + 2 + 0)?
3
Let m(r) = 92*r**2 - 2*r - 21. Let h be m(-5). What is the units digit of 0 + (-1)/(-8) + h/56?
1
Let k be -8*3*10/(-24). Suppose 2*a + 2*a + 12 = 0, d - k = 3*a. What is the units digit of d?
1
Let i = -334 + 165. Let l = i + 271. What is the tens digit of l?
0
Suppose 5*m - 2*p - 3229 = -1184, -2*m + 4*p + 818 = 0. What is the units digit of m?
9
Suppose -z - 3*d = -654, -15*d - 3206 = -5*z - 14*d. What is the units digit of z?
2
Suppose -124 = 4*h - 2*h + 3*z, 242 = -4*h - 3*z. Let s = 21 - h. Let r = -45 + s. What is the units digit of r?
5
Suppose -140*g + 135*g = -2705. What is the hundreds digit of g?
5
Let z be 4*(-1 + 2/4). Let s = 1 - z. Suppose -8 = 5*r + a - 29, s*a - 3 = -3*r. What is the units digit of r?
5
Let s = 18 - 28. Let g be (4/s)/(9/(-90)). Suppose g*x - 54 = 118. What is the units digit of x?
3
Suppose 2*p + 16 = -4*f, -27 = 3*f + 2*f - p. What is the units digit of (f - 1)/(6 + -8)?
3
What is the hundreds digit of (792/216)/((-2*1)/(-546))?
0
Suppose -5*c - 2 = 33. Let q(r) be the first derivative of r**3/3 + 3*r**2/2 - 6*r - 7. What is the units digit of q(c)?
2
Let y = -2191 - -5236. What is the thousands digit of y?
3
Let o(c) = c**2 + 6*c + 9. Let s be o(13). Let y be s*(-3)/15*-5. Suppose 0*r - y = -4*r. What is the units digit of r?
4
Suppose -7 - 6 = -m. What is the units digit of m?
3
Suppose -3900 = -5*q + 5*h, -4*q - 10*h = -9*h - 3140. What is the tens digit of q?
8
Suppose 4*x - d - 5652 = 0, 3*x - 3*d = 2*d + 4256. What is the tens digit of x?
1
Suppose 45*i - 133380 = -31*i. What is the thousands digit of i?
1
Let u = 421 + 109. What is the tens digit of u?
3
What is the units digit of ((-195)/45)/(1/(-21))?
1
Let a(i) = 197*i**3 + 5*i**2. Let w be a(-2). What is the tens digit of w/(-26) - (-20)/130?
6
Suppose 2177 = 12*z - 835. What is the hundreds digit of z?
2
Let z(r) = -247*r + 201. What is the thousands digit of z(-14)?
3
Suppose u = -0*u + 1682. What is the hundreds digit of u?
6
Let f(i) be the first derivative of 8*i**2 - 11*i + 15. What is the tens digit of f(5)?
6
Suppose -2*n + 1376 + 994 = -3*h, -h - 4 = 0. What is the units digit of n?
9
Suppose 5*p - 342 = -x, -6*p + 8*p + 2*x = 140. Let y = 0 - -2. Suppose 0 = -o - 5*s + p, y*o + 0*s - 81 = s. What is the units digit of o?
3
Let y(n) = -n**3 - 2*n. Let b be y(